(i) = -i**2 + 14*i + 55. Let p be y(17). Suppose -p*w + 40 = 8. What is the highest common factor of w and 112?
8
Suppose f = 2*k + 73, 3*f - 252 = -4*k - 53. What is the highest common factor of 46 and f?
23
Suppose -117 = -7*z + 9. Suppose -314 = -2*c - 3*q + 79, 0 = 2*c - 5*q - 401. What is the greatest common divisor of z and c?
18
Suppose -c - 4 + 8 = 3*y, -5*y = -10. Let m be -2 - 33/(-3) - c. Suppose m = 5*d - 14. Calculate the greatest common factor of d and 40.
5
Suppose 30 = y + 5*y. Suppose 4*b + 3*u = 2*u + 4, 4*b + 12 = -y*u. Calculate the greatest common factor of b and 18.
2
Let a(r) = r**2 - 3*r + 6. Let f = 1 - 11. Let x be (-5)/f*(-12)/(-1). Let b be a(x). Calculate the greatest common divisor of 16 and b.
8
Suppose 5*p - 4*p = 8. Suppose 3*z = 124 + 44. What is the highest common divisor of z and p?
8
Let j(o) = -38*o - 178. Let s be j(-5). What is the highest common divisor of s and 174?
6
Let f(y) = y**3 + 12*y**2 + 11*y + 15. Let j be f(-10). Calculate the greatest common factor of 147 and j.
21
Let i be 63 - (-1 - -1 - 2). Let q(k) = 5 - 119*k + 120*k + k**3 + 8*k**2 - 2*k**3. Let o be q(8). Calculate the highest common factor of i and o.
13
Suppose n - 2*m = 5, -2*m - 11 = -2*n + 7*n. Let k(x) = 0 - 52*x - 1 + 0. Let a be k(n). What is the greatest common divisor of a and 17?
17
Let k be 1 - ((-20)/2)/2. Let n be (18/(-4))/(21/(-980)). Suppose 90 = 5*a - n. Calculate the highest common divisor of a and k.
6
Suppose s + 4*q - 1 = 0, 0 = 2*s + s + 3*q - 48. Suppose 0 = -s*c + 25*c - 4. Suppose -2*n = -n - 5. What is the greatest common factor of c and n?
1
Let f be 292 - (8 - -1 - 5). Suppose -2*b - 3*n + 120 = 15, -5*b + n + f = 0. What is the greatest common divisor of b and 76?
19
Let f be (-18)/42 + 0 + 2823/21. Let k = f - 117. Let r(z) = -z**3 + 4*z + 2. Let y be r(-3). What is the highest common divisor of k and y?
17
Let z(g) = g**3 - 23*g**2 + 27*g - 99. Let j be z(22). What is the highest common divisor of j and 1?
1
Suppose -2*i + 5*v = 3*v - 2, 4*i + 5 = -5*v. Suppose i = -n - 4*n + 550. Suppose 6*q - 182 = -50. What is the highest common divisor of n and q?
22
Suppose 22*x - 2322 = 2100. What is the highest common factor of x and 67?
67
Suppose 0 = -g + 9 + 39. Suppose -g = -2*f + 10. Suppose -3*u + 2*b + f = -0*b, 0 = 3*u - b - 31. Calculate the greatest common factor of 121 and u.
11
Let u = 297 - 217. What is the greatest common factor of u and 520?
40
Suppose -5*o + 25 = 0, -d - 3*o = -2*d - 13. Suppose 5*s + 14 = -j - d, -3*j + 7 = 4*s. What is the greatest common divisor of j and 9?
9
Suppose -2*s + 225 = -13. Let r = 51 - s. Let q be -3*(r/12 + 3). What is the greatest common divisor of q and 8?
8
Suppose -12*q = -21*q + 126. Calculate the greatest common divisor of q and 26.
2
Let p(w) = 36*w**3 - 3*w**2 + 3*w - 1. Let q be p(1). Let v = q + -23. Calculate the highest common divisor of v and 3.
3
Let c be 8*(-9)/432 + 830/12. Calculate the greatest common divisor of 92 and c.
23
Let n(a) = 5*a + 19. Let i be n(-5). Let j be (-5)/(195/(-774)) - i/39. Calculate the highest common divisor of j and 50.
10
Let g = -466 - -561. Calculate the greatest common factor of 38 and g.
19
Let p be (-3)/2*-10 - 0. Let f be (-11)/((-2376)/36) - (113/(-6) - 1). Calculate the greatest common divisor of p and f.
5
Let q = -24 + 28. Let u be (-920)/(-150) - q/30. Calculate the highest common factor of u and 48.
6
Let n be ((-30)/(-9) - 3)*0. Suppose 23 = -n*v - v - 3*g, -5 = 5*g. Let y = v + 44. Calculate the highest common factor of y and 16.
8
Suppose 3*j - 25 = 20. Let s be (-4 - -3) + -3 + 2. Let w be 2*s + (-245)/(-5). What is the greatest common factor of j and w?
15
Let f be (3/(-2))/(1/58). Let z be f/6*(0 + (-23 - -1)). Suppose -133 = -5*x + 4*w - 0*w, 0 = 2*x - 5*w - 43. What is the greatest common factor of z and x?
29
Let l be (6/4)/(-15*3/(-690)). What is the highest common factor of l and 253?
23
Suppose -572 = -4*k - 3*c + 100, -4*c + 336 = 2*k. Calculate the highest common factor of k and 2100.
84
Let m = 767 - 766. Calculate the greatest common divisor of m and 67.
1
Let z(o) = o**3 + 32*o**2 - 68*o + 7. Let x be z(-34). Calculate the highest common divisor of x and 336.
7
Suppose 0 = -3*i + 5*z + 41, -2*z - 8 = -0. Let x be (2/i)/((-6)/(-14))*21. Calculate the highest common divisor of 224 and x.
14
Let k = 142 - 54. Let a = 6 + -2. Let r be 5/(-10) - (-46)/a. What is the greatest common divisor of k and r?
11
Let z = -899 - -1412. What is the highest common factor of z and 54?
27
Let v(o) = -8*o - 2. Suppose -5*p - 9 = 1. Let n be v(p). Let z = 0 - -14. Calculate the highest common factor of n and z.
14
Let u(c) = c**3 - 35*c**2 + 34*c + 56. Let b be u(34). Calculate the highest common factor of b and 8.
8
Suppose 7868 = 20*y - 1752. Calculate the highest common factor of y and 65.
13
Let p be (6/(-4))/((-6)/(-72)). Let m(o) = -o**3 - 17*o**2 + 15*o - 36. Let k be m(p). What is the greatest common factor of 72 and k?
18
Suppose a = x + 20, -3*x + 87 = 5*a + 3. Let t(s) = s**3 - 5*s**2 + 1. Let y be t(5). Suppose -7 = -3*i - y. Calculate the highest common divisor of i and a.
2
Let d be 28/(-6)*7/14*-87. What is the highest common divisor of d and 29?
29
Let d = 1464 + -749. Calculate the greatest common divisor of d and 26.
13
Let u = 1726 - 1672. Let b be 10/(-2 + (-112)/(-54)). Calculate the highest common divisor of u and b.
27
Let y be 30 - ((-1)/(-3) - (-38)/(-114))/1. Suppose 4*j - z - 11 = 34, -j - 4*z + 24 = 0. Calculate the greatest common divisor of y and j.
6
Let y(a) = -a**2 - 5*a + 3*a - 7*a - 6. Suppose 21 = -o - 2*o. Let l be y(o). What is the greatest common factor of l and 48?
8
Suppose 0 = -5*g + 4*n + 10, 0 - 4 = -2*g + 3*n. Suppose -77 = -g*y + a, 2 - 5 = -a. Let p = 6 - 2. Calculate the highest common factor of y and p.
4
Let s = 18 - 5. Let d be 8/(-52) - (-93)/s. Suppose -2*l + 320 = 4*h + 2*l, -4*h + 3*l + 299 = 0. Calculate the highest common divisor of h and d.
7
Let k(x) be the third derivative of 7*x**6/120 + x**5/30 + x**3/3 - 4*x**2. Let g be k(-2). Let l = g + 92. Calculate the highest common divisor of 23 and l.
23
Let i be (-6)/(3/((-30)/4)). Let k = -934 + 964. Calculate the greatest common divisor of k and i.
15
Suppose 2*a - 4 = 38. Suppose 3*u - 4*y = 4*u + a, -4*y - 8 = 0. Let h = u - -16. What is the greatest common factor of h and 6?
3
Let w(o) = 35*o**2 - 11*o + 9. Let g be w(4). What is the greatest common divisor of 63 and g?
21
Let p = 499 + -488. Suppose 5*k - k = 0. Suppose -3*d - 15 = 0, k*d = -5*h - 4*d + 530. What is the greatest common factor of p and h?
11
Suppose -5*g = -0*g - 50. What is the highest common divisor of g and 14?
2
Suppose -2*w + 3*w + 2*k - 4 = 0, -2*w + 18 = -k. Let i be ((-15)/(-6))/(19 - (-909)/(-48)). What is the greatest common divisor of i and w?
8
Suppose -6*i - 220 - 26 = 0. Let a = -5 - i. Calculate the highest common divisor of a and 12.
12
Let t be (-4)/(-3)*(198/4)/3. Let d = t + 62. Calculate the highest common divisor of d and 12.
12
Let d be ((-2)/(-3)*2)/(10/15). Let l be d/6 + -1 - 2499/(-63). Let g = 4 - -22. What is the greatest common divisor of l and g?
13
Let l be -1 + 0 - (1 - 0). Let p(k) = -6*k. Let v be p(l). Suppose f + 53 = 6*j - 3*j, -5*f + 5 = 0. What is the greatest common factor of j and v?
6
Let z(x) be the third derivative of -x**6/10 - x**4/24 - x**3/6 - 2*x**2. Let i be 4/2*(-1)/2. Let d be z(i). What is the greatest common factor of 8 and d?
4
Let k(y) = y + 2. Let x(z) = -z**3 + 9*z**2 + 15*z - 12. Let w(c) = -3*k(c) + x(c). Let h be w(9). Calculate the highest common factor of h and 30.
30
Let f = -10 - -18. Suppose 6*r = f*r - 340. Let q be r/40 + 2/(-8). What is the highest common divisor of q and 36?
4
Let a = 236 + -132. Let r = -94 + a. Calculate the greatest common factor of 120 and r.
10
Let t(m) = -m**2 - 7*m + 2. Let b be t(-7). Let l be (-1 + 1)/(-1 + b). Let q(r) = r**2 + 20. Let y be q(l). What is the greatest common factor of y and 8?
4
Let p(f) = -64 + 7*f - 22*f + 82 + 3*f**2. Let h be p(6). What is the greatest common divisor of 9 and h?
9
Suppose 12*h = 1194 + 1038. What is the greatest common divisor of 6 and h?
6
Let w(y) = y**3 - y**2 + y - 14. Let i be w(3). Suppose -i*p +